83
List the prime factors of 49406.
2, 7, 3529
List the prime factors of 76624.
2, 4789
What are the prime factors of 4427?
19, 233
What are the prime factors of 10503?
3, 389
List the prime factors of 4895.
5, 11, 89
What are the prime factors of 146221?
146221
List the prime factors of 17.
17
List the prime factors of 54061.
7, 7723
What are the prime factors of 4220?
2, 5, 211
What are the prime factors of 1521?
3, 13
List the prime factors of 55324.
2, 13831
List the prime factors of 60857.
19, 3203
List the prime factors of 1475.
5, 59
List the prime factors of 17.
17
What are the prime factors of 21571?
11, 37, 53
List the prime factors of 32631.
3, 73, 149
List the prime factors of 1777.
1777
List the prime factors of 945.
3, 5, 7
What are the prime factors of 17267?
31, 557
What are the prime factors of 766?
2, 383
List the prime factors of 785.
5, 157
What are the prime factors of 58869?
3, 31, 211
List the prime factors of 24417.
3, 2713
What are the prime factors of 23115?
3, 5, 23, 67
List the prime factors of 133329.
3, 7, 907
What are the prime factors of 586?
2, 293
List the prime factors of 21.
3, 7
What are the prime factors of 19634?
2, 9817
List the prime factors of 725.
5, 29
List the prime factors of 3060.
2, 3, 5, 17
List the prime factors of 3289.
11, 13, 23
What are the prime factors of 54392?
2, 13, 523
What are the prime factors of 13655?
5, 2731
What are the prime factors of 148?
2, 37
List the prime factors of 72286.
2, 47, 769
List the prime factors of 1353.
3, 11, 41
List the prime factors of 3624.
2, 3, 151
List the prime factors of 6409.
13, 17, 29
List the prime factors of 45531.
3, 5059
List the prime factors of 2590.
2, 5, 7, 37
List the prime factors of 3073.
7, 439
List the prime factors of 23542.
2, 79, 149
List the prime factors of 913.
11, 83
What are the prime factors of 148?
2, 37
What are the prime factors of 3232?
2, 101
What are the prime factors of 5348?
2, 7, 191
What are the prime factors of 108053?
11, 19, 47
List the prime factors of 4350.
2, 3, 5, 29
What are the prime factors of 1888?
2, 59
List the prime factors of 602.
2, 7, 43
What are the prime factors of 13001?
13001
List the prime factors of 14820.
2, 3, 5, 13, 19
List the prime factors of 2293.
2293
List the prime factors of 11096.
2, 19, 73
List the prime factors of 2173.
41, 53
What are the prime factors of 14914?
2, 7457
List the prime factors of 368.
2, 23
List the prime factors of 4429.
43, 103
What are the prime factors of 660?
2, 3, 5, 11
List the prime factors of 5469.
3, 1823
What are the prime factors of 2930?
2, 5, 293
List the prime factors of 462.
2, 3, 7, 11
What are the prime factors of 2987?
29, 103
List the prime factors of 172982.
2, 86491
List the prime factors of 47651.
17, 2803
What are the prime factors of 2989?
7, 61
What are the prime factors of 10785?
3, 5, 719
List the prime factors of 29971.
17, 41, 43
List the prime factors of 70218.
2, 3, 47, 83
List the prime factors of 57222.
2, 3, 11, 17
List the prime factors of 5669.
5669
What are the prime factors of 9596?
2, 2399
List the prime factors of 15528.
2, 3, 647
What are the prime factors of 1093?
1093
List the prime factors of 406.
2, 7, 29
List the prime factors of 68.
2, 17
What are the prime factors of 1056?
2, 3, 11
What are the prime factors of 875?
5, 7
What are the prime factors of 20418?
2, 3, 41, 83
List the prime factors of 138212.
2, 109, 317
List the prime factors of 23466.
2, 3, 3911
List the prime factors of 1902.
2, 3, 317
List the prime factors of 17594.
2, 19, 463
What are the prime factors of 11301?
3, 3767
List the prime factors of 8485.
5, 1697
List the prime factors of 1271.
31, 41
What are the prime factors of 30357?
3, 3373
What are the prime factors of 8397?
3, 311
List the prime factors of 154669.
154669
What are the prime factors of 54?
2, 3
What are the prime factors of 672?
2, 3, 7
What are the prime factors of 9206?
2, 4603
List the prime factors of 43932.
2, 3, 7, 523
List the prime factors of 1721.
1721
List the prime factors of 1083.
3, 19
List the prime factors of 28655.
5, 11, 521
What are the prime factors of 18593?
18593
List the prime factors of 18788.
2, 7, 11, 61
What are the prime factors of 9284?
2, 11, 211
List the prime factors of 5223.
3, 1741
List the prime factors of 17023.
29, 587
List the prime factors of 22919.
13, 41, 43
List the prime factors of 11468.
2, 47, 61
List the prime factors of 917.
7, 131
List the prime factors of 17011.
17011
List the prime factors of 95468.
2, 29, 823
List the prime factors of 2373.
3, 7, 113
List the prime factors of 96419.
96419
List the prime factors of 6031.
37, 163
List the prime factors of 3558.
2, 3, 593
List the prime factors of 18211.
18211
List the prime factors of 12964.
2, 7, 463
What are the prime factors of 2603?
19, 137
What are the prime factors of 2485?
5, 7, 71
What are the prime factors of 15009?
3, 5003
What are the prime factors of 7327?
17, 431
What are the prime factors of 17475?
3, 5, 233
List the prime factors of 44186.
2, 22093
List the prime factors of 41888.
2, 7, 11, 17
List the prime factors of 2143.
2143
List the prime factors of 37076.
2, 13, 23, 31
What are the prime factors of 1202?
2, 601
List the prime factors of 39370.
2, 5, 31, 127
List the prime factors of 4112.
2, 257
List the prime factors of 5005.
5, 7, 11, 13
List the prime factors of 15203.
23, 661
List the prime factors of 2551.
2551
What are the prime factors of 2500?
2, 5
What are the prime factors of 356?
2, 89
What are the prime factors of 62339?
17, 19, 193
What are the prime factors of 1006?
2, 503
List the prime factors of 2499.
3, 7, 17
List the prime factors of 2680.
2, 5, 67
What are the prime factors of 6872?
2, 859
What are the prime factors of 4558?
2, 43, 53
What are the prime factors of 4335?
3, 5, 17
List the prime factors of 41948.
2, 10487
List the prime factors of 65105.
5, 29, 449
What are the prime factors of 3862?
2, 1931
List the prime factors of 2337.
3, 19, 41
List the prime factors of 10173.
3, 3391
What are the prime factors of 128245?
5, 13, 1973
List the prime factors of 90298.
2, 13, 23, 151
List the prime factors of 8123.
8123
List the prime factors of 1246.
2, 7, 89
What are the prime factors of 625?
5
What are the prime factors of 70067?
70067
What are the prime factors of 201?
3, 67
List the prime factors of 1003.
17, 59
What are the prime factors of 3807?
3, 47
List the prime factors of 80227.
7, 73, 157
List the prime factors of 41324.
2, 10331
List the prime factors of 301.
7, 43
List the prime factors of 12788.
2, 23, 139
List the prime factors of 18236.
2, 47, 97
What are the prime factors of 30044?
2, 7, 29, 37
List the prime factors of 6984.
2, 3, 97
What are the prime factors of 1048?
2, 131
List the prime factors of 6054.
2, 3, 1009
What are the prime factors of 151173?
3, 11, 509
List the prime factors of 8562.
2, 3, 1427
List the prime factors of 3158.
2, 1579
List the prime factors of 4432.
2, 277
List the prime factors of 50706.
2, 3, 313
List the prime factors of 386.
2, 193
List the prime factors of 1794.
2, 3, 13, 23
List the prime factors of 2852.
2, 23, 31
What are the prime factors of 7425?
3, 5, 11
List the prime factors of 2748.
2, 3, 229
List the prime factors of 116581.
73, 1597
List the prime factors of 71195.
5, 29, 491
What are the prime factors of 3984?
2, 3, 83
List the prime factors of 2199.
3, 733
List the prime factors of 129691.
53, 2447
List the prime factors of 293.
293
List the prime factors of 77028.
2, 3, 7, 131
List the prime factors of 7942.
2, 11, 19
What are the prime factors of 2899?
13, 223
What are the prime factors of 2730?
2, 3, 5, 7, 13
List the prime factors of 133708.
2, 33427
List the prime factors of 5925.
3, 5, 79
What are the prime factors of 3116?
2, 19, 41
What are the prime factors of 7949?
7949
List the prime factors of 48049.
48049
List the prime factors of 9949.
9949
What are the prime factors of 1864?
2, 233
What are the prime factors of 36745?
5, 7349
What are the prime factors of 914?
2, 457
List the prime factors of 2746.
2, 1373
What are the prime factors of 2776?
2, 347
List the prime factors of 10529.
10529
What are the prime factors of 2298?
2, 3, 383
What are the prime factors 